{"id":1469,"date":"2015-06-29T03:51:34","date_gmt":"2015-06-29T03:51:34","guid":{"rendered":"https:\/\/wp.tecnica29de6.edu.ar\/htdocs\/wp\/?page_id=1469"},"modified":"2019-10-18T23:36:11","modified_gmt":"2019-10-18T23:36:11","slug":"educacion-sexual-integral","status":"publish","type":"page","link":"https:\/\/www.tecnica29de6.edu.ar\/?page_id=1469","title":{"rendered":"Educaci\u00f3n Sexual Integral"},"content":{"rendered":"<h2><img decoding=\"async\" loading=\"lazy\" class=\"alignnone  wp-image-1489\" src=\"https:\/\/wp.tecnica29de6.edu.ar\/htdocs\/wp\/wp-content\/uploads\/2015\/06\/educacionSexual.jpg\" alt=\"educacionSexual\" width=\"366\" height=\"210\"><\/h2>\n<h2>Informaci\u00f3n Util:<\/h2>\n<h4><a href=\"https:\/\/wp.tecnica29de6.edu.ar\/htdocs\/wp\/wp-content\/uploads\/2015\/06\/Lineamientos-curriculares-Educaci\u00f3n-Sexual-Integral.pdf\" target=\"_blank\" rel=\"noopener noreferrer\">Lineamientos curriculares Educaci\u00f3n Sexual Integral<\/a><\/h4>\n<h4><a href=\"https:\/\/wp.tecnica29de6.edu.ar\/htdocs\/wp\/wp-content\/uploads\/2015\/06\/Diversidad-de-g\u00e9nero.pdf\" target=\"_blank\" rel=\"noopener noreferrer\">Diversidad de g\u00e9nero<\/a><\/h4>\n<h4><a href=\"https:\/\/wp.tecnica29de6.edu.ar\/htdocs\/wp\/wp-content\/uploads\/2015\/06\/Cuaderno-ESI-Secundaria-2.pdf\" target=\"_blank\" rel=\"noopener noreferrer\">Cuaderno ESI Secundaria 2<\/a><\/h4>\n<h4><a href=\"https:\/\/chautabu.buenosaires.gob.ar\/\" target=\"_blank\" rel=\"noopener noreferrer\">Pagina de GCBA sobre Educaci\u00f3n Sexual (&nbsp; https:\/\/chautabu.buenosaires.gob.ar\/)<\/a><\/h4>\n<h4><a href=\"https:\/\/wp.tecnica29de6.edu.ar\/htdocs\/wp\/wp-content\/uploads\/2015\/06\/Links-para-trabajar-educaci\u00f3n-sexual.doc\" target=\"_blank\" rel=\"noopener noreferrer\">Links para trabajar educaci\u00f3n sexual<\/a><\/h4>\n<p><img decoding=\"async\" loading=\"lazy\" class=\"alignnone size-full wp-image-1490\" src=\"https:\/\/wp.tecnica29de6.edu.ar\/htdocs\/wp\/wp-content\/uploads\/2015\/06\/educacionsexual2.jpg\" alt=\"educacionsexual2\" width=\"241\" height=\"209\"><\/p>\n<p>&nbsp;<\/p>\n<p>&nbsp;<\/p>\n","protected":false},"excerpt":{"rendered":"<p>Informaci\u00f3n Util: Lineamientos curriculares Educaci\u00f3n Sexual Integral Diversidad de g\u00e9nero Cuaderno ESI Secundaria 2 Pagina de GCBA sobre Educaci\u00f3n Sexual (&nbsp; https:\/\/chautabu.buenosaires.gob.ar\/) Links para trabajar educaci\u00f3n sexual &nbsp; &nbsp;<\/p>\n","protected":false},"author":2,"featured_media":1489,"parent":0,"menu_order":0,"comment_status":"closed","ping_status":"closed","template":"","meta":{"ngg_post_thumbnail":0},"_links":{"self":[{"href":"https:\/\/www.tecnica29de6.edu.ar\/index.php?rest_route=\/wp\/v2\/pages\/1469"}],"collection":[{"href":"https:\/\/www.tecnica29de6.edu.ar\/index.php?rest_route=\/wp\/v2\/pages"}],"about":[{"href":"https:\/\/www.tecnica29de6.edu.ar\/index.php?rest_route=\/wp\/v2\/types\/page"}],"author":[{"embeddable":true,"href":"https:\/\/www.tecnica29de6.edu.ar\/index.php?rest_route=\/wp\/v2\/users\/2"}],"replies":[{"embeddable":true,"href":"https:\/\/www.tecnica29de6.edu.ar\/index.php?rest_route=%2Fwp%2Fv2%2Fcomments&post=1469"}],"version-history":[{"count":11,"href":"https:\/\/www.tecnica29de6.edu.ar\/index.php?rest_route=\/wp\/v2\/pages\/1469\/revisions"}],"predecessor-version":[{"id":5433,"href":"https:\/\/www.tecnica29de6.edu.ar\/index.php?rest_route=\/wp\/v2\/pages\/1469\/revisions\/5433"}],"wp:featuredmedia":[{"embeddable":true,"href":"https:\/\/www.tecnica29de6.edu.ar\/index.php?rest_route=\/wp\/v2\/media\/1489"}],"wp:attachment":[{"href":"https:\/\/www.tecnica29de6.edu.ar\/index.php?rest_route=%2Fwp%2Fv2%2Fmedia&parent=1469"}],"curies":[{"name":"wp","href":"https:\/\/api.w.org\/{rel}","templated":true}]}}