{"id":1577,"date":"2015-09-07T22:08:42","date_gmt":"2015-09-07T22:08:42","guid":{"rendered":"https:\/\/wp.tecnica29de6.edu.ar\/htdocs\/wp\/?page_id=1577"},"modified":"2015-09-07T22:08:42","modified_gmt":"2015-09-07T22:08:42","slug":"informacion-docente","status":"publish","type":"page","link":"https:\/\/www.tecnica29de6.edu.ar\/?page_id=1577","title":{"rendered":"Informaci\u00f3n Docente"},"content":{"rendered":"<h3> Acceda a informaci\u00f3n \u00fatil:<\/h3>\n<p><a href=\"https:\/\/wp.tecnica29de6.edu.ar\/htdocs\/wp\/wp-content\/uploads\/2015\/09\/Guia-Federa-de-Orientaciones-1.pdf\" target=\"_blank\">Situaciones complejas relacionadas con la vida escolar<\/a><\/p>\n<p><a href=\"https:\/\/wp.tecnica29de6.edu.ar\/htdocs\/wp\/wp-content\/uploads\/2015\/09\/Guia-Federa-de-Orientaciones-2.pdf\" target=\"_blank\">Situaciones complejas relacionadas con la vida escolar ( Versi\u00f3n 2)<\/a><\/p>\n<p><a href=\"https:\/\/wp.tecnica29de6.edu.ar\/htdocs\/wp\/wp-content\/uploads\/2015\/09\/Guia-Federa-de-Orientaciones-1.pdf\"><img decoding=\"async\" loading=\"lazy\" class=\"alignnone wp-image-1579 size-full\" src=\"https:\/\/wp.tecnica29de6.edu.ar\/htdocs\/wp\/wp-content\/uploads\/2015\/09\/Guia-de-orientacion-Docente.png\" alt=\"Guia de orientacion Docente\" width=\"635\" height=\"391\" srcset=\"https:\/\/www.tecnica29de6.edu.ar\/wp-content\/uploads\/2015\/09\/Guia-de-orientacion-Docente.png 635w, https:\/\/www.tecnica29de6.edu.ar\/wp-content\/uploads\/2015\/09\/Guia-de-orientacion-Docente-300x184.png 300w\" sizes=\"(max-width: 635px) 100vw, 635px\" \/><\/a><\/p>\n<p>&nbsp;<\/p>\n<p>&nbsp;<\/p>\n","protected":false},"excerpt":{"rendered":"<p>Acceda a informaci\u00f3n \u00fatil: Situaciones complejas relacionadas con la vida escolar Situaciones complejas relacionadas con la vida escolar ( Versi\u00f3n 2) &nbsp; &nbsp;<\/p>\n","protected":false},"author":2,"featured_media":0,"parent":0,"menu_order":0,"comment_status":"closed","ping_status":"closed","template":"","meta":{"ngg_post_thumbnail":0},"_links":{"self":[{"href":"https:\/\/www.tecnica29de6.edu.ar\/index.php?rest_route=\/wp\/v2\/pages\/1577"}],"collection":[{"href":"https:\/\/www.tecnica29de6.edu.ar\/index.php?rest_route=\/wp\/v2\/pages"}],"about":[{"href":"https:\/\/www.tecnica29de6.edu.ar\/index.php?rest_route=\/wp\/v2\/types\/page"}],"author":[{"embeddable":true,"href":"https:\/\/www.tecnica29de6.edu.ar\/index.php?rest_route=\/wp\/v2\/users\/2"}],"replies":[{"embeddable":true,"href":"https:\/\/www.tecnica29de6.edu.ar\/index.php?rest_route=%2Fwp%2Fv2%2Fcomments&post=1577"}],"version-history":[{"count":7,"href":"https:\/\/www.tecnica29de6.edu.ar\/index.php?rest_route=\/wp\/v2\/pages\/1577\/revisions"}],"predecessor-version":[{"id":1588,"href":"https:\/\/www.tecnica29de6.edu.ar\/index.php?rest_route=\/wp\/v2\/pages\/1577\/revisions\/1588"}],"wp:attachment":[{"href":"https:\/\/www.tecnica29de6.edu.ar\/index.php?rest_route=%2Fwp%2Fv2%2Fmedia&parent=1577"}],"curies":[{"name":"wp","href":"https:\/\/api.w.org\/{rel}","templated":true}]}}