{"id":630,"date":"2014-09-25T21:43:32","date_gmt":"2014-09-25T21:43:32","guid":{"rendered":"https:\/\/wp.tecnica29de6.edu.ar\/htdocs\/wp\/?page_id=630"},"modified":"2016-04-21T00:18:42","modified_gmt":"2016-04-21T00:18:42","slug":"mecanica","status":"publish","type":"page","link":"https:\/\/www.tecnica29de6.edu.ar\/?page_id=630","title":{"rendered":"Alcances del T\u00edtulo"},"content":{"rendered":"<h3><img decoding=\"async\" loading=\"lazy\" class=\"alignnone wp-image-2108\" src=\"https:\/\/wp.tecnica29de6.edu.ar\/htdocs\/wp\/wp-content\/uploads\/2016\/04\/TituloMecanica.jpg\" alt=\"TituloMecanica\" width=\"1051\" height=\"686\" \/><\/h3>\n<h2>Alcances del t\u00edtulo:<\/h2>\n<p><strong>El T\u00e9cnico del sector Mec\u00e1nico est\u00e1 capacitado para manifestar conocimientos, habilidades, destrezas, valores y actitudes en situaciones reales de trabajo, conforme a criterios de profesionalidad propios de su \u00e1rea y de responsabilidad social al:<\/strong><\/p>\n<ul>\n<li><strong> <\/strong><em>\u00abDise\u00f1ar, proyectar y construir elementos, dispositivos, equipos e instalaciones mec\u00e1nicas de baja y mediana complejidad.\u00bb<\/em><\/li>\n<li><em> <\/em><em>\u00abEfectuar el proyecto y montaje de las instalaciones de servicios para cumplir en tiempo y forma con los requerimientos del proceso productivo.\u00bb<\/em><\/li>\n<li><em> <\/em><em>\u00abMontar e instalar elementos, dispositivos, equipamiento, artefactos e instalaciones mec\u00e1nicas.\u00bb<\/em><\/li>\n<li><em> <\/em><em>\u00abOperar elementos, dispositivos y equipamiento mec\u00e1nico.\u00bb<\/em><\/li>\n<li><em> <\/em><em>\u00abProgramar y realizar el mantenimiento de sistemas de equipamiento mec\u00e1nico.\u00bb<\/em><\/li>\n<li><em> <\/em><em>\u00abPrestar servicio de consultor\u00eda y de asesoramiento t\u00e9cnico, en la selecci\u00f3n, adquisici\u00f3n y montaje de elementos y dispositivos mec\u00e1nicos.\u00bb<\/em><\/li>\n<li><em> <\/em><em>\u00abGestionar y supervisar las existencias de stocks de materia prima, insumos y servicios.\u00bb<\/em><\/li>\n<li><em> <\/em><em>\u00abRealizar prestaci\u00f3n de servicio de log\u00edstica para la comercializaci\u00f3n.\u00bb<\/em><\/li>\n<li><em>\u00abEfectuar ensayos de materiales y de comprobaci\u00f3n de propiedades f\u00edsicas y mec\u00e1nicas en elementos, dispositivos y equipamiento mec\u00e1nico.\u00bb<\/em><\/li>\n<li><em>\u00abAsesorar, gestionar y\/o Generar nuevos emprendimientos vinculados con el \u00e1rea de desempe\u00f1o correspondiente a su profesionalidad.\u00bb<\/em><\/li>\n<\/ul>\n<p><img decoding=\"async\" loading=\"lazy\" class=\"wp-image-2109 aligncenter\" src=\"https:\/\/wp.tecnica29de6.edu.ar\/htdocs\/wp\/wp-content\/uploads\/2016\/04\/DetalleMecanica1.jpg\" alt=\"DetalleMecanica1\" width=\"793\" height=\"680\" srcset=\"https:\/\/www.tecnica29de6.edu.ar\/wp-content\/uploads\/2016\/04\/DetalleMecanica1.jpg 611w, https:\/\/www.tecnica29de6.edu.ar\/wp-content\/uploads\/2016\/04\/DetalleMecanica1-300x257.jpg 300w\" sizes=\"(max-width: 793px) 100vw, 793px\" \/><\/p>\n<p><img decoding=\"async\" loading=\"lazy\" class=\"wp-image-2110 aligncenter\" src=\"https:\/\/wp.tecnica29de6.edu.ar\/htdocs\/wp\/wp-content\/uploads\/2016\/04\/DetalleMecanica2.jpg\" alt=\"DetalleMecanica2\" width=\"967\" height=\"783\" srcset=\"https:\/\/www.tecnica29de6.edu.ar\/wp-content\/uploads\/2016\/04\/DetalleMecanica2.jpg 655w, https:\/\/www.tecnica29de6.edu.ar\/wp-content\/uploads\/2016\/04\/DetalleMecanica2-300x243.jpg 300w\" sizes=\"(max-width: 967px) 100vw, 967px\" \/><\/p>\n","protected":false},"excerpt":{"rendered":"<p>Alcances del t\u00edtulo: El T\u00e9cnico del sector Mec\u00e1nico est\u00e1 capacitado para manifestar conocimientos, habilidades, destrezas, valores y actitudes en situaciones reales de trabajo, conforme a criterios de profesionalidad propios de su \u00e1rea y de responsabilidad social al: \u00abDise\u00f1ar, proyectar y construir elementos, dispositivos, equipos e instalaciones mec\u00e1nicas de baja y mediana complejidad.\u00bb \u00abEfectuar el proyecto [&hellip;]<\/p>\n","protected":false},"author":2,"featured_media":0,"parent":0,"menu_order":0,"comment_status":"closed","ping_status":"closed","template":"","meta":{"ngg_post_thumbnail":0},"_links":{"self":[{"href":"https:\/\/www.tecnica29de6.edu.ar\/index.php?rest_route=\/wp\/v2\/pages\/630"}],"collection":[{"href":"https:\/\/www.tecnica29de6.edu.ar\/index.php?rest_route=\/wp\/v2\/pages"}],"about":[{"href":"https:\/\/www.tecnica29de6.edu.ar\/index.php?rest_route=\/wp\/v2\/types\/page"}],"author":[{"embeddable":true,"href":"https:\/\/www.tecnica29de6.edu.ar\/index.php?rest_route=\/wp\/v2\/users\/2"}],"replies":[{"embeddable":true,"href":"https:\/\/www.tecnica29de6.edu.ar\/index.php?rest_route=%2Fwp%2Fv2%2Fcomments&post=630"}],"version-history":[{"count":7,"href":"https:\/\/www.tecnica29de6.edu.ar\/index.php?rest_route=\/wp\/v2\/pages\/630\/revisions"}],"predecessor-version":[{"id":2131,"href":"https:\/\/www.tecnica29de6.edu.ar\/index.php?rest_route=\/wp\/v2\/pages\/630\/revisions\/2131"}],"wp:attachment":[{"href":"https:\/\/www.tecnica29de6.edu.ar\/index.php?rest_route=%2Fwp%2Fv2%2Fmedia&parent=630"}],"curies":[{"name":"wp","href":"https:\/\/api.w.org\/{rel}","templated":true}]}}